{"id":3220,"date":"2024-05-23T01:55:02","date_gmt":"2024-05-23T06:55:02","guid":{"rendered":"https:\/\/bewec.com\/?post_type=product&#038;p=3220"},"modified":"2024-05-23T01:55:02","modified_gmt":"2024-05-23T06:55:02","slug":"water-cooler-intercooler-enfriador-de-aire-para-turbo","status":"publish","type":"product","link":"https:\/\/bewec.com\/?product=water-cooler-intercooler-enfriador-de-aire-para-turbo","title":{"rendered":"WATER COOLER    intercooler enfriador de aire para turbo"},"content":{"rendered":"<p><strong><span>BENEFICIOS Y CARACTER\u00cdSTICAS:<\/span><\/strong><br \/>\n<span>Los intercoolers de l\u00edquido a aire estilo barril son una forma comprobada y sigilosa de enfriar el aire de entrada.<\/span><br \/>\n<span>100 % aluminio liviano, no se utiliza epoxi en el n\u00facleo<\/span><br \/>\n<span>Perfecto para instalaciones de motor trasero<\/span><\/p>\n<p><span>Recomendado para hasta 390 CFM y 270 HP<\/span><br \/>\n<span>El tama\u00f1o del n\u00facleo es de 5&#8243; X 8&#8243; (los tanques finales aumentan la longitud)<\/span><br \/>\n<span>El tama\u00f1o de extremo a extremo es de 352 mm<\/span><br \/>\n<span>La entrada\/salida de aire es Entrada\/salida de agua\u00a0de 3&#8243;( 76 mm)<\/span><br \/>\n<span>: 19 mm \/ 3\/4&#8243;<\/span><br \/>\n<span>Ca\u00edda de presi\u00f3n: 1,1 PSI.<\/span><br \/>\n<strong><span>(Presi\u00f3n probada bajo 3 bar sin fugas)<\/span><\/strong><br \/>\n<span>Tipo de n\u00facleo: Tubo y aleta<\/span><br \/>\n<span>Presi\u00f3n m\u00e1xima de agua\/aire: 70 PSI<\/span><\/p>\n<p><strong><span>El paquete incluye:<\/span><\/strong><br \/>\n<span>1 x Intercooler como se muestra arriba<\/span><\/p>\n<p><span>Tambi\u00e9n suministramos 5&#8243; X 6&#8243; 5&#8243; X 8&#8243; 5&#8243; X 10&#8243; y refrigeradores estilo barril de 4&#8243; X 6&#8243; 4&#8243; X 8&#8243; 4&#8243; X 10&#8243; 4&#8243; X 12&#8243; y m\u00e1s de 450 intercooler de placa de barra de diferentes dise\u00f1os y aplicaciones para muchas aplicaciones de autom\u00f3viles\/camiones. Hacemos una buena oferta para pedidos al por mayor.<\/span><br \/>\n<span>La entrada y salida de aire de este intercooler pasan directamente a trav\u00e9s del intercooler; Evitar que el aire cambie de direcci\u00f3n puede dar como resultado un mejor flujo de aire.<\/span><\/p>\n<p><strong>Paquete incluido:<\/strong><br \/>\n* 1x kit de montaje del motor. (100% nuevo, nunca usado ni instalado)<br \/>\nUNA VEZ REALIZADO EL PEDIDO LE DAREMOS SEGUIMIENTO POR NUESTROS DIFERENTES MEDIOS ( WHATS APP, EMAIL, MENSAJES INTERNOS EN LA PLATAFORMA )<br \/>\nESTE PRODUCTO ES BAJO PEDIDO DE FABRICACION<br \/>\nTIEMPO DE ELABORACION:\u00a0 12 a 20 d\u00edas dependiendo demanda de fabricaci\u00f3n.<br \/>\nrecibir\u00e1 la confirmaci\u00f3n de compra al realizar el pedido, posteriormente la confirmaci\u00f3n de la fabricaci\u00f3n una vez fabricado, finalmente recibe la guia de envio y se realizara el envi\u00f3 a la direcci\u00f3n proporcionada<\/p>\n","protected":false},"excerpt":{"rendered":"<p>BENEFICIOS Y CARACTER\u00cdSTICAS: Los intercoolers de l\u00edquido a aire estilo barril son una forma comprobada y sigilosa de enfriar el&hellip;<\/p>\n","protected":false},"featured_media":3224,"comment_status":"open","ping_status":"closed","template":"","meta":{"spay_email":""},"_links":{"self":[{"href":"https:\/\/bewec.com\/index.php?rest_route=\/wp\/v2\/product\/3220"}],"collection":[{"href":"https:\/\/bewec.com\/index.php?rest_route=\/wp\/v2\/product"}],"about":[{"href":"https:\/\/bewec.com\/index.php?rest_route=\/wp\/v2\/types\/product"}],"replies":[{"embeddable":true,"href":"https:\/\/bewec.com\/index.php?rest_route=%2Fwp%2Fv2%2Fcomments&post=3220"}],"version-history":[{"count":1,"href":"https:\/\/bewec.com\/index.php?rest_route=\/wp\/v2\/product\/3220\/revisions"}],"predecessor-version":[{"id":3234,"href":"https:\/\/bewec.com\/index.php?rest_route=\/wp\/v2\/product\/3220\/revisions\/3234"}],"wp:featuredmedia":[{"embeddable":true,"href":"https:\/\/bewec.com\/index.php?rest_route=\/wp\/v2\/media\/3224"}],"wp:attachment":[{"href":"https:\/\/bewec.com\/index.php?rest_route=%2Fwp%2Fv2%2Fmedia&parent=3220"}],"curies":[{"name":"wp","href":"https:\/\/api.w.org\/{rel}","templated":true}]}}