{"id":3021,"date":"2023-05-24T18:25:16","date_gmt":"2023-05-24T23:25:16","guid":{"rendered":"https:\/\/bewec.com\/?post_type=product&#038;p=3021"},"modified":"2026-01-22T12:42:11","modified_gmt":"2026-01-22T18:42:11","slug":"base-valvula-de-alivio-greddy-o-epman","status":"publish","type":"product","link":"https:\/\/bewec.com\/?product=base-valvula-de-alivio-greddy-o-epman","title":{"rendered":"Base v\u00e1lvula de alivio GREDDY O EPMAN"},"content":{"rendered":"<p>Base compatible. Con las v\u00e1lvulas de alivio  rs y rz de graddy turbo systems y v\u00e1lvulas epman<\/p>\n<p>Escoja su opci\u00f3n desde 2. 2.25 2.5 y 3 pulgadas de di\u00e1metro<\/p>\n","protected":false},"excerpt":{"rendered":"<p>Base compatible. Con las v\u00e1lvulas de alivio rs y rz de graddy turbo systems y v\u00e1lvulas epman Escoja su opci\u00f3n&hellip;<\/p>\n","protected":false},"featured_media":3020,"comment_status":"open","ping_status":"closed","template":"","meta":{"spay_email":""},"_links":{"self":[{"href":"https:\/\/bewec.com\/index.php?rest_route=\/wp\/v2\/product\/3021"}],"collection":[{"href":"https:\/\/bewec.com\/index.php?rest_route=\/wp\/v2\/product"}],"about":[{"href":"https:\/\/bewec.com\/index.php?rest_route=\/wp\/v2\/types\/product"}],"replies":[{"embeddable":true,"href":"https:\/\/bewec.com\/index.php?rest_route=%2Fwp%2Fv2%2Fcomments&post=3021"}],"version-history":[{"count":1,"href":"https:\/\/bewec.com\/index.php?rest_route=\/wp\/v2\/product\/3021\/revisions"}],"predecessor-version":[{"id":3026,"href":"https:\/\/bewec.com\/index.php?rest_route=\/wp\/v2\/product\/3021\/revisions\/3026"}],"wp:featuredmedia":[{"embeddable":true,"href":"https:\/\/bewec.com\/index.php?rest_route=\/wp\/v2\/media\/3020"}],"wp:attachment":[{"href":"https:\/\/bewec.com\/index.php?rest_route=%2Fwp%2Fv2%2Fmedia&parent=3021"}],"curies":[{"name":"wp","href":"https:\/\/api.w.org\/{rel}","templated":true}]}}