{"id":2896,"date":"2022-02-16T23:19:37","date_gmt":"2022-02-17T05:19:37","guid":{"rendered":"https:\/\/bewec.com\/?post_type=product&#038;p=2896"},"modified":"2025-04-16T14:20:59","modified_gmt":"2025-04-16T20:20:59","slug":"adaptador-para-sensor-de-temperatura-1-8ntp","status":"publish","type":"product","link":"https:\/\/bewec.com\/?product=adaptador-para-sensor-de-temperatura-1-8ntp","title":{"rendered":"adaptador para sensor de temperatura 1.8ntp"},"content":{"rendered":"<p style=\"padding-left: 40px; text-align: center;\">Nuevo adaptador para sensor de temperatura de agua de aluminio 1\/8 ntp<\/p>\n<p>Material: aluminio<br \/>\nColor: negro<br \/>\nCaracter\u00edsticas:<\/p>\n<p>Permite la instalaci\u00f3n del sensor de temperatura tocando una manguera de refrigerante<\/p>\n<p>Hecho de material de aluminio ligero de alta calidad<\/p>\n<p>Acabado anodizado para mayor resistencia y durabilidad<\/p>\n<p>Ajuste Universal para la mayor\u00eda de los autom\u00f3viles con sensor de temperatura del agua de tama\u00f1o de rosca 1\/8NPT<\/p>\n<p>Tama\u00f1o exterior: 18,20,22,24,28,30,32,34,36,38,40,42mm (elija el tama\u00f1o correcto para su coche)<\/p>\n<p>Incluye:<\/p>\n<p>1 x adaptador de medidor de temperatura<\/p>\n<p>2 x abrazaderas<\/p>\n<p>Si aun no estas seguro de tu compra y deseas ver antes de comprar la calidad de nuestros productos, tenemos fotos y videos que respaldan nuestros trabajos, buscanos en REDES como WORKS ELITE CARS<\/p>\n<p>como seleccionar el color de tu agrado?<br \/>\nen las opciones de COLOR seleciona el color que buscas, tambien te dira cuantas piezas disponibles tenemos.<br \/>\ncualquier pregunta o duda con gusto la resolveremo!!<\/p>\n<p>RECOMENDACION:<br \/>\nsi deseas comprar varios productos o lotes puedes acceder a nuestro sitio BEWEC (Works Elite Cars) y obtener precios preferenciales.<\/p>\n<p>IMPORTANTE:<\/p>\n<p>ES IMPORTANTE QUE CONFIRMES LA MEDIDA QUE NECESITAS SEA LA MISMA QUE LA PUBLICADA.<br \/>\nEn nuestro catalogo contamos con productos de uso universal, es importante no forzar ningun producto en caso de incompatibilidad si desea devolver.<\/p>\n","protected":false},"excerpt":{"rendered":"<p>Nuevo adaptador para sensor de temperatura de agua de aluminio 1\/8 ntp Material: aluminio Color: negro Caracter\u00edsticas: Permite la instalaci\u00f3n&hellip;<\/p>\n","protected":false},"featured_media":2901,"comment_status":"open","ping_status":"closed","template":"","meta":{"spay_email":""},"_links":{"self":[{"href":"https:\/\/bewec.com\/index.php?rest_route=\/wp\/v2\/product\/2896"}],"collection":[{"href":"https:\/\/bewec.com\/index.php?rest_route=\/wp\/v2\/product"}],"about":[{"href":"https:\/\/bewec.com\/index.php?rest_route=\/wp\/v2\/types\/product"}],"replies":[{"embeddable":true,"href":"https:\/\/bewec.com\/index.php?rest_route=%2Fwp%2Fv2%2Fcomments&post=2896"}],"version-history":[{"count":4,"href":"https:\/\/bewec.com\/index.php?rest_route=\/wp\/v2\/product\/2896\/revisions"}],"predecessor-version":[{"id":2900,"href":"https:\/\/bewec.com\/index.php?rest_route=\/wp\/v2\/product\/2896\/revisions\/2900"}],"wp:featuredmedia":[{"embeddable":true,"href":"https:\/\/bewec.com\/index.php?rest_route=\/wp\/v2\/media\/2901"}],"wp:attachment":[{"href":"https:\/\/bewec.com\/index.php?rest_route=%2Fwp%2Fv2%2Fmedia&parent=2896"}],"curies":[{"name":"wp","href":"https:\/\/api.w.org\/{rel}","templated":true}]}}