{"id":2748,"date":"2021-02-10T00:09:49","date_gmt":"2021-02-10T06:09:49","guid":{"rendered":"https:\/\/bewec.com\/?post_type=product&#038;p=2748"},"modified":"2026-03-18T13:42:15","modified_gmt":"2026-03-18T19:42:15","slug":"base-pod-para-poste-medidor-52mm","status":"publish","type":"product","link":"https:\/\/bewec.com\/?product=base-pod-para-poste-medidor-52mm","title":{"rendered":"Base pod para poste medidor 52mm"},"content":{"rendered":"<p>Base porta medidores para poste,<br \/>\nPara medidores de 52mm, 2pulgadas<br \/>\nUniversal<br \/>\nAcabado. Tipo. Fibra carbono gris (como la Foto)<br \/>\nPl\u00e1stico abs<br \/>\nAtenci\u00f3n, los postes de autos son de diferente tama\u00f1o y formas, algunos tienden a tener formas redondas o m\u00e1s cuadradas lo que hace que el pod no embone al 100%, verifica las medidas que sean similares a las de tu auto antes de comprar.<\/p>\n","protected":false},"excerpt":{"rendered":"<ol>\n<li><\/li>\n<\/ol>\n","protected":false},"featured_media":2750,"comment_status":"open","ping_status":"closed","template":"","meta":{"spay_email":""},"_links":{"self":[{"href":"https:\/\/bewec.com\/index.php?rest_route=\/wp\/v2\/product\/2748"}],"collection":[{"href":"https:\/\/bewec.com\/index.php?rest_route=\/wp\/v2\/product"}],"about":[{"href":"https:\/\/bewec.com\/index.php?rest_route=\/wp\/v2\/types\/product"}],"replies":[{"embeddable":true,"href":"https:\/\/bewec.com\/index.php?rest_route=%2Fwp%2Fv2%2Fcomments&post=2748"}],"version-history":[{"count":1,"href":"https:\/\/bewec.com\/index.php?rest_route=\/wp\/v2\/product\/2748\/revisions"}],"predecessor-version":[{"id":2752,"href":"https:\/\/bewec.com\/index.php?rest_route=\/wp\/v2\/product\/2748\/revisions\/2752"}],"wp:featuredmedia":[{"embeddable":true,"href":"https:\/\/bewec.com\/index.php?rest_route=\/wp\/v2\/media\/2750"}],"wp:attachment":[{"href":"https:\/\/bewec.com\/index.php?rest_route=%2Fwp%2Fv2%2Fmedia&parent=2748"}],"curies":[{"name":"wp","href":"https:\/\/api.w.org\/{rel}","templated":true}]}}