{"id":2641,"date":"2021-01-14T19:52:44","date_gmt":"2021-01-15T01:52:44","guid":{"rendered":"https:\/\/bewec.com\/?post_type=product&#038;p=2641"},"modified":"2026-01-22T12:48:24","modified_gmt":"2026-01-22T18:48:24","slug":"medidor-de-boost-dynoracing-con-alerta","status":"publish","type":"product","link":"https:\/\/bewec.com\/?product=medidor-de-boost-dynoracing-con-alerta","title":{"rendered":"medidor de boost dynoracing con alerta 2.5&#8243;"},"content":{"rendered":"","protected":false},"excerpt":{"rendered":"<p>Medidor Dynoracing original color blanco y ambar con alerta (rojo)<br \/>\nINCLUYE:<br \/>\nEste medidor se puede programar para realizar alerta tanto auditiva como flash (rojo) al alcanzar un limite que establece el usuario, el usuario puede escoger el color de la pantalla entre color ambar y color blanco.<\/p>\n<p>1 Medidor de boost psi dyno racing (de 2.5&#8243;)<br \/>\n1 base pod de 2.5&#8243;<br \/>\n1 sensor vacuum\/boost electr\u00f3nico<br \/>\n1 filtro de part\u00edculas para vac\u00edo<br \/>\n1 conexi\u00f3n T (plastico)<br \/>\n1 Manguera de vacio (transparente)<br \/>\n1 conector alimentacion (sensor de boost)<br \/>\n1 conector alimentacion (medidor)<br \/>\n1 conector de salida (medidor)<br \/>\n1 conector de emparejamiento (para emparejar mas medidores en paralelo)<br \/>\n1 instructivo<br \/>\n1 tabla de equivalencias de presi\u00f3n<br \/>\nLos medidores son calibrados a 0 a nivel del mar, por lo que si el lugar de instalacion se encuentra a una altitud diferente el medidor marcara la presion real de ese lugar de instalacion, a mayor altitud menor presion debajo del 0 marcara y a menor altitud sobre el nivel del mar marcara una mayor presion inicial (Incluye la tabla de presiones y equivalencias)<\/p>\n<p>Se requiere instalaci\u00f3n por tecnico o profesional en mec\u00e1nica o electr\u00f3nica (los medidores son probados antes de enviarse, no se aceptaran devoluciones por da\u00f1o electrico por una mala instalaci\u00f3n.<\/p>\n","protected":false},"featured_media":2643,"comment_status":"open","ping_status":"closed","template":"","meta":{"spay_email":""},"_links":{"self":[{"href":"https:\/\/bewec.com\/index.php?rest_route=\/wp\/v2\/product\/2641"}],"collection":[{"href":"https:\/\/bewec.com\/index.php?rest_route=\/wp\/v2\/product"}],"about":[{"href":"https:\/\/bewec.com\/index.php?rest_route=\/wp\/v2\/types\/product"}],"replies":[{"embeddable":true,"href":"https:\/\/bewec.com\/index.php?rest_route=%2Fwp%2Fv2%2Fcomments&post=2641"}],"version-history":[{"count":2,"href":"https:\/\/bewec.com\/index.php?rest_route=\/wp\/v2\/product\/2641\/revisions"}],"predecessor-version":[{"id":2649,"href":"https:\/\/bewec.com\/index.php?rest_route=\/wp\/v2\/product\/2641\/revisions\/2649"}],"wp:featuredmedia":[{"embeddable":true,"href":"https:\/\/bewec.com\/index.php?rest_route=\/wp\/v2\/media\/2643"}],"wp:attachment":[{"href":"https:\/\/bewec.com\/index.php?rest_route=%2Fwp%2Fv2%2Fmedia&parent=2641"}],"curies":[{"name":"wp","href":"https:\/\/api.w.org\/{rel}","templated":true}]}}