{"id":2330,"date":"2020-09-16T17:57:06","date_gmt":"2020-09-16T22:57:06","guid":{"rendered":"https:\/\/bewec.com\/?post_type=product&#038;p=2330"},"modified":"2022-12-21T20:42:59","modified_gmt":"2022-12-22T02:42:59","slug":"cubre-volante-36-39cm-lote-de-10pzs","status":"publish","type":"product","link":"https:\/\/bewec.com\/?product=cubre-volante-36-39cm-lote-de-10pzs","title":{"rendered":"Cubre volante 36-39cm lote de 10pzs"},"content":{"rendered":"<p>Funda para volantes universales de 36-39cm de di\u00e1metro exterior.<\/p>\n<p>Ideal para proteger volantes quemados por el sol y tambi\u00e9n para proteger volantes nuevos! (Que no se devalue de m\u00e1s tu veh\u00edculo, El volante habla mucho del cuidado de tu AUTO)<\/p>\n<p>Negro con costuras rojas<br \/>\nNegro costuras negras<br \/>\nGris<br \/>\nBeige<\/p>\n<p>Para seleccionar el color y la cantidad disponible solo selecciona la opci\u00f3n de tu preferencia. Lote de 10 unidades<\/p>\n<p>Material tacto piel (PU)<\/p>\n","protected":false},"excerpt":{"rendered":"<ol>\n<li>Funda para volantes universales de 36-39cm de di\u00e1metro exterior.\n<p>Ideal para proteger volantes quemados por el sol y tambi\u00e9n para proteger volantes nuevos! (Que no se devalue de m\u00e1s tu veh\u00edculo, El volante habla mucho del cuidado de tu AUTO)<\/p>\n<p>Negro con costuras rojas<br \/>\nNegro costuras negras<br \/>\nGris<br \/>\nBeige<\/p>\n<p>Para seleccionar el color y la cantidad disponible solo selecciona la opci\u00f3n de tu preferencia.<\/p>\n<p>Material tacto piel (PU)<\/li>\n<\/ol>\n","protected":false},"featured_media":2296,"comment_status":"open","ping_status":"closed","template":"","meta":{"spay_email":""},"_links":{"self":[{"href":"https:\/\/bewec.com\/index.php?rest_route=\/wp\/v2\/product\/2330"}],"collection":[{"href":"https:\/\/bewec.com\/index.php?rest_route=\/wp\/v2\/product"}],"about":[{"href":"https:\/\/bewec.com\/index.php?rest_route=\/wp\/v2\/types\/product"}],"replies":[{"embeddable":true,"href":"https:\/\/bewec.com\/index.php?rest_route=%2Fwp%2Fv2%2Fcomments&post=2330"}],"version-history":[{"count":1,"href":"https:\/\/bewec.com\/index.php?rest_route=\/wp\/v2\/product\/2330\/revisions"}],"predecessor-version":[{"id":2335,"href":"https:\/\/bewec.com\/index.php?rest_route=\/wp\/v2\/product\/2330\/revisions\/2335"}],"wp:featuredmedia":[{"embeddable":true,"href":"https:\/\/bewec.com\/index.php?rest_route=\/wp\/v2\/media\/2296"}],"wp:attachment":[{"href":"https:\/\/bewec.com\/index.php?rest_route=%2Fwp%2Fv2%2Fmedia&parent=2330"}],"curies":[{"name":"wp","href":"https:\/\/api.w.org\/{rel}","templated":true}]}}