{"id":1904,"date":"2020-06-22T19:54:15","date_gmt":"2020-06-23T00:54:15","guid":{"rendered":"https:\/\/bewec.com\/?post_type=product&#038;p=1904"},"modified":"2023-02-22T14:21:43","modified_gmt":"2023-02-22T20:21:43","slug":"bomba-de-gasolina-universal-p-carburador","status":"publish","type":"product","link":"https:\/\/bewec.com\/?product=bomba-de-gasolina-universal-p-carburador","title":{"rendered":"Bomba de Gasolina universal p\/carburador"},"content":{"rendered":"<p>bomba de gasolina de baja presi\u00f3n<br \/>\nideal para autos carburados, motos u proyectos.<\/p>\n<p>especificaciones<br \/>\n12-15 volts DC<br \/>\npresi\u00f3n m\u00e1xima 7Psi<br \/>\nCAUDAL DE 110 Litros\/Hora<br \/>\nconsumo 1.5A<\/p>\n<p>todos nuestros productos son nuevos al menos que se mencione lo contrario.&#8221;<\/p>\n","protected":false},"excerpt":{"rendered":"<p>bomba de gasolina de baja presi\u00f3n ideal para autos carburados, motos u proyectos. especificaciones 12-15 volts DC presi\u00f3n m\u00e1xima 7Psi&hellip;<\/p>\n","protected":false},"featured_media":1905,"comment_status":"open","ping_status":"closed","template":"","meta":{"spay_email":""},"_links":{"self":[{"href":"https:\/\/bewec.com\/index.php?rest_route=\/wp\/v2\/product\/1904"}],"collection":[{"href":"https:\/\/bewec.com\/index.php?rest_route=\/wp\/v2\/product"}],"about":[{"href":"https:\/\/bewec.com\/index.php?rest_route=\/wp\/v2\/types\/product"}],"replies":[{"embeddable":true,"href":"https:\/\/bewec.com\/index.php?rest_route=%2Fwp%2Fv2%2Fcomments&post=1904"}],"version-history":[{"count":1,"href":"https:\/\/bewec.com\/index.php?rest_route=\/wp\/v2\/product\/1904\/revisions"}],"predecessor-version":[{"id":1908,"href":"https:\/\/bewec.com\/index.php?rest_route=\/wp\/v2\/product\/1904\/revisions\/1908"}],"wp:featuredmedia":[{"embeddable":true,"href":"https:\/\/bewec.com\/index.php?rest_route=\/wp\/v2\/media\/1905"}],"wp:attachment":[{"href":"https:\/\/bewec.com\/index.php?rest_route=%2Fwp%2Fv2%2Fmedia&parent=1904"}],"curies":[{"name":"wp","href":"https:\/\/api.w.org\/{rel}","templated":true}]}}