{"id":1876,"date":"2020-06-22T16:47:50","date_gmt":"2020-06-22T21:47:50","guid":{"rendered":"https:\/\/bewec.com\/?post_type=product&#038;p=1876"},"modified":"2024-02-07T14:01:43","modified_gmt":"2024-02-07T20:01:43","slug":"protector-cubre-volante-36cm-39cm","status":"publish","type":"product","link":"https:\/\/bewec.com\/?product=protector-cubre-volante-36cm-39cm","title":{"rendered":"Protector cubre volante 36cm &#8211; 39cm"},"content":{"rendered":"<p>Funda para volantes universales de 36-39cm de di\u00e1metro exterior.<\/p>\n<p>Ideal para proteger volantes quemados por el sol y tambi\u00e9n para proteger volantes nuevos! (Que no se devalue de m\u00e1s tu veh\u00edculo, El volante habla mucho del cuidado de tu AUTO)<\/p>\n<p>Negro con costuras rojas<br \/>\nNegro costuras negras<br \/>\nGris<br \/>\nBeige<\/p>\n<p>Para seleccionar el color y la cantidad disponible solo selecciona la opci\u00f3n de tu preferencia.<\/p>\n<p>Material tacto piel (PU)<\/p>\n","protected":false},"excerpt":{"rendered":"<p>Funda para volantes universales de 36-39cm de di\u00e1metro exterior. Ideal para proteger volantes quemados por el sol y tambi\u00e9n para&hellip;<\/p>\n","protected":false},"featured_media":1881,"comment_status":"open","ping_status":"closed","template":"","meta":{"spay_email":""},"_links":{"self":[{"href":"https:\/\/bewec.com\/index.php?rest_route=\/wp\/v2\/product\/1876"}],"collection":[{"href":"https:\/\/bewec.com\/index.php?rest_route=\/wp\/v2\/product"}],"about":[{"href":"https:\/\/bewec.com\/index.php?rest_route=\/wp\/v2\/types\/product"}],"replies":[{"embeddable":true,"href":"https:\/\/bewec.com\/index.php?rest_route=%2Fwp%2Fv2%2Fcomments&post=1876"}],"version-history":[{"count":4,"href":"https:\/\/bewec.com\/index.php?rest_route=\/wp\/v2\/product\/1876\/revisions"}],"predecessor-version":[{"id":2321,"href":"https:\/\/bewec.com\/index.php?rest_route=\/wp\/v2\/product\/1876\/revisions\/2321"}],"wp:featuredmedia":[{"embeddable":true,"href":"https:\/\/bewec.com\/index.php?rest_route=\/wp\/v2\/media\/1881"}],"wp:attachment":[{"href":"https:\/\/bewec.com\/index.php?rest_route=%2Fwp%2Fv2%2Fmedia&parent=1876"}],"curies":[{"name":"wp","href":"https:\/\/api.w.org\/{rel}","templated":true}]}}