{"id":1805,"date":"2020-06-22T15:36:28","date_gmt":"2020-06-22T20:36:28","guid":{"rendered":"https:\/\/bewec.com\/?post_type=product&#038;p=1805"},"modified":"2023-08-29T12:28:03","modified_gmt":"2023-08-29T18:28:03","slug":"recuperador-de-aceite-oil-catch-c-filtro-bronce","status":"publish","type":"product","link":"https:\/\/bewec.com\/?product=recuperador-de-aceite-oil-catch-c-filtro-bronce","title":{"rendered":"Recuperador de aceite Oil Catch  c\/filtro bronce"},"content":{"rendered":"<blockquote><p>Deseas ver el producto ya instalado? visitame en REDES tenemos fotos y videos de nuestros trabajos. SOMOS &#8220;&#8221;WORKS ELITE CARS&#8221;&#8221;<\/p><\/blockquote>\n<p>Recuperador de aceite con FILTRO DE BRONCE y CONDENSADOR capacidad de 150ml<\/p>\n<p>este recuperador es de los sistemas mas utiles debido al filtro de bronce permite separar mejor las particulas de los vapores y permite el paso del aire mas limpio.<br \/>\nEspecial para sistemas presurizados (turbo y supercargados)<br \/>\nIdeal para motores nuevos, los cuales requieren mayor limpieza de los aires que salen del carter del motor, pero tambien se puede usar en proyectos turbos o autos modificados.<\/p>\n<p>Este recuperador de aceite funciona mejor que los otros 3 sistemas que tenemos en nuestro inventario.<br \/>\nGarant\u00edzado<\/p>\n<p>Te asesoramos la instalaci\u00f3n si lo requieres<\/p>\n<p>Es de los \u00fanicos recuperadores, el cual dentro del cilindro cuenta con condensador mas aparte el filtro de bronce internamente para separar el aceite o fluidos del aire.<\/p>\n<p>Ideal para autos turbo, supercargados o aplicaci\u00f3n para autos normales<br \/>\nWorks Elite Cars\u201d a tu servicio distribuidor autorizado.<br \/>\nTodos nuestros productos van garantizados.<br \/>\nSi no funciona te lo cambiamos o regresamos tu dinero.<br \/>\nSi deseas ver calidad, funcionamiento o productos ya instalados puedes buscarnos en Face tenemos videos que respaldan nuestro trabajo y productos.<\/p>\n<p>La funci\u00f3n que cumple este dispositivo es:<br \/>\nRECUPERAR el aceite y fluidos que se pierde en forma de vapor por las v\u00e1lvulas pvc y respiraderos del motor, el aceite es condensado en el dep\u00f3sito de aceite.<br \/>\nEste vapor de aceite cuando es absorbido por el motor, genera una mezcla rica en hidrocarburos, con lo cual puede afectar a algunos sensores o catalizador y ser motivo de rechazo en la verificaci\u00f3n.<br \/>\nEl recuperador de aceite hace la funci\u00f3n de la v\u00e1lvula pcv original del auto con un mejor desempe\u00f1o.<\/p>\n<p>Mantener limpio los conductos y sistemas de admisi\u00f3n.<br \/>\nEste aceite que se genera cuando el motor calienta, crea restos de carb\u00f3n, al instalar el recuperador de aceite correctamente, se evitar\u00e1n estos restos de carb\u00f3n en la admisi\u00f3n y por lo tanto se tendr\u00e1 m\u00e1s limpio el cuerpo de aceleraci\u00f3n (mejor estabilidad del relenti del motor)<\/p>\n<p>Cuando el consumo de aceite es demasiado y se instala este dispositivo, se bajan las emociones contaminantes por Hidrocarburos, debido a que el aceite emane estos al ser derivado del petr\u00f3leo.<\/p>\n<p>(como se ve en la imagen se env\u00eda)preguntanos el color (DE LO CONTRARIO SE MANDARA EL COLOR EXISTENTE)<br \/>\nNEGRO<br \/>\nROJO<br \/>\nAZUL<br \/>\nRecomendable la instalaci\u00f3n por t\u00e9cnicos o profesionales en el \u00e1rea<\/p>\n","protected":false},"excerpt":{"rendered":"<p>Deseas ver el producto ya instalado? visitame en REDES tenemos fotos y videos de nuestros trabajos. SOMOS &#8220;&#8221;WORKS ELITE CARS&#8221;&#8221;&hellip;<\/p>\n","protected":false},"featured_media":1807,"comment_status":"open","ping_status":"closed","template":"","meta":{"spay_email":""},"_links":{"self":[{"href":"https:\/\/bewec.com\/index.php?rest_route=\/wp\/v2\/product\/1805"}],"collection":[{"href":"https:\/\/bewec.com\/index.php?rest_route=\/wp\/v2\/product"}],"about":[{"href":"https:\/\/bewec.com\/index.php?rest_route=\/wp\/v2\/types\/product"}],"replies":[{"embeddable":true,"href":"https:\/\/bewec.com\/index.php?rest_route=%2Fwp%2Fv2%2Fcomments&post=1805"}],"version-history":[{"count":3,"href":"https:\/\/bewec.com\/index.php?rest_route=\/wp\/v2\/product\/1805\/revisions"}],"predecessor-version":[{"id":2782,"href":"https:\/\/bewec.com\/index.php?rest_route=\/wp\/v2\/product\/1805\/revisions\/2782"}],"wp:featuredmedia":[{"embeddable":true,"href":"https:\/\/bewec.com\/index.php?rest_route=\/wp\/v2\/media\/1807"}],"wp:attachment":[{"href":"https:\/\/bewec.com\/index.php?rest_route=%2Fwp%2Fv2%2Fmedia&parent=1805"}],"curies":[{"name":"wp","href":"https:\/\/api.w.org\/{rel}","templated":true}]}}