{"id":1452,"date":"2020-06-21T12:42:55","date_gmt":"2020-06-21T17:42:55","guid":{"rendered":"http:\/\/bewec.com\/?post_type=product&#038;p=1452"},"modified":"2025-04-16T14:37:44","modified_gmt":"2025-04-16T20:37:44","slug":"valvula-de-alivio-espaciador-seat-vw-audi-1-4","status":"publish","type":"product","link":"https:\/\/bewec.com\/?product=valvula-de-alivio-espaciador-seat-vw-audi-1-4","title":{"rendered":"valvula de alivio espaciador seat vw audi 1.4"},"content":{"rendered":"","protected":false},"excerpt":{"rendered":"<p>V\u00e1lvula de alivio espaciador<br \/>\nLee todo con atenci\u00f3n<\/p>\n<p>Deseas ver el producto antes de comprar o aun no estas seguro de tu compra? visitame en REDES tenemos fotos y videos de nuestros trabajos. SOMOS &#8220;&#8221;WORKS ELITE CARS&#8221;&#8221;<\/p>\n<p>&nbsp;<\/p>\n<p>Para motores 1.4 de Audi y VW<br \/>\nGenuino EPMAN<br \/>\nAlta calidad<br \/>\nF\u00e1cil instalaci\u00f3n<br \/>\nCualquier duda que tengas puedes preguntarme aqu\u00ed abajo, antes de comprar confirma que sea de reemplazo directo<br \/>\nNO ES COMPATIBLE CON TODOS LOS MOTORES 1.4 solo con golf 1.4 mk6 y audi s\/c o twincharguer<\/p>\n<p>si tienes conocimiento de mec\u00e1nica y ya indentificaste la v\u00e1lvula de alivio de tu veh\u00edculo y es de doble tornillo&#8230; es completamente compatible.<br \/>\nAntes de realizar la compra asegura compatibilidad<img loading=\"lazy\" class=\"alignnone size-medium wp-image-1453\" src=\"http:\/\/bewec.com\/wp-content\/uploads\/2020\/06\/vw1.4-300x220.jpg\" alt=\"\" width=\"300\" height=\"220\" srcset=\"https:\/\/bewec.com\/wp-content\/uploads\/2020\/06\/vw1.4-300x220.jpg 300w, https:\/\/bewec.com\/wp-content\/uploads\/2020\/06\/vw1.4-1024x751.jpg 1024w, https:\/\/bewec.com\/wp-content\/uploads\/2020\/06\/vw1.4-768x563.jpg 768w, https:\/\/bewec.com\/wp-content\/uploads\/2020\/06\/vw1.4-1536x1126.jpg 1536w, https:\/\/bewec.com\/wp-content\/uploads\/2020\/06\/vw1.4-2048x1502.jpg 2048w, https:\/\/bewec.com\/wp-content\/uploads\/2020\/06\/vw1.4-600x440.jpg 600w\" sizes=\"(max-width: 300px) 100vw, 300px\" \/> <img loading=\"lazy\" class=\"alignnone size-medium wp-image-1454\" src=\"http:\/\/bewec.com\/wp-content\/uploads\/2020\/06\/vw1.4b-300x230.jpg\" alt=\"\" width=\"300\" height=\"230\" srcset=\"https:\/\/bewec.com\/wp-content\/uploads\/2020\/06\/vw1.4b-300x230.jpg 300w, https:\/\/bewec.com\/wp-content\/uploads\/2020\/06\/vw1.4b-1024x784.jpg 1024w, https:\/\/bewec.com\/wp-content\/uploads\/2020\/06\/vw1.4b-768x588.jpg 768w, https:\/\/bewec.com\/wp-content\/uploads\/2020\/06\/vw1.4b-1536x1177.jpg 1536w, https:\/\/bewec.com\/wp-content\/uploads\/2020\/06\/vw1.4b-2048x1569.jpg 2048w, https:\/\/bewec.com\/wp-content\/uploads\/2020\/06\/vw1.4b-600x460.jpg 600w\" sizes=\"(max-width: 300px) 100vw, 300px\" \/><\/p>\n","protected":false},"featured_media":1453,"comment_status":"open","ping_status":"closed","template":"","meta":{"spay_email":""},"_links":{"self":[{"href":"https:\/\/bewec.com\/index.php?rest_route=\/wp\/v2\/product\/1452"}],"collection":[{"href":"https:\/\/bewec.com\/index.php?rest_route=\/wp\/v2\/product"}],"about":[{"href":"https:\/\/bewec.com\/index.php?rest_route=\/wp\/v2\/types\/product"}],"replies":[{"embeddable":true,"href":"https:\/\/bewec.com\/index.php?rest_route=%2Fwp%2Fv2%2Fcomments&post=1452"}],"version-history":[{"count":2,"href":"https:\/\/bewec.com\/index.php?rest_route=\/wp\/v2\/product\/1452\/revisions"}],"predecessor-version":[{"id":2069,"href":"https:\/\/bewec.com\/index.php?rest_route=\/wp\/v2\/product\/1452\/revisions\/2069"}],"wp:featuredmedia":[{"embeddable":true,"href":"https:\/\/bewec.com\/index.php?rest_route=\/wp\/v2\/media\/1453"}],"wp:attachment":[{"href":"https:\/\/bewec.com\/index.php?rest_route=%2Fwp%2Fv2%2Fmedia&parent=1452"}],"curies":[{"name":"wp","href":"https:\/\/api.w.org\/{rel}","templated":true}]}}