{"id":2362,"date":"2020-09-18T23:38:56","date_gmt":"2020-09-19T04:38:56","guid":{"rendered":"https:\/\/bewec.com\/?page_id=2362"},"modified":"2020-09-18T23:48:02","modified_gmt":"2020-09-19T04:48:02","slug":"elementor-2362","status":"publish","type":"page","link":"https:\/\/bewec.com\/?page_id=2362","title":{"rendered":"Condiciones garantias"},"content":{"rendered":"\t\t<div data-elementor-type=\"wp-page\" data-elementor-id=\"2362\" class=\"elementor elementor-2362\" data-elementor-settings=\"[]\">\n\t\t\t<div class=\"elementor-inner\">\n\t\t\t\t<div class=\"elementor-section-wrap\">\n\t\t\t\t\t\t\t<section class=\"elementor-element elementor-element-b196eff elementor-section-boxed elementor-section-height-default elementor-section-height-default elementor-section elementor-top-section\" data-id=\"b196eff\" data-element_type=\"section\">\n\t\t\t\t\t\t<div class=\"elementor-container elementor-column-gap-default\">\n\t\t\t\t<div class=\"elementor-row\">\n\t\t\t\t<div class=\"elementor-element elementor-element-6f2cf90 elementor-column elementor-col-100 elementor-top-column\" data-id=\"6f2cf90\" data-element_type=\"column\">\n\t\t\t<div class=\"elementor-column-wrap  elementor-element-populated\">\n\t\t\t\t\t<div class=\"elementor-widget-wrap\">\n\t\t\t\t<div class=\"elementor-element elementor-element-838a8cb elementor-widget elementor-widget-text-editor\" data-id=\"838a8cb\" data-element_type=\"widget\" data-widget_type=\"text-editor.default\">\n\t\t\t\t<div class=\"elementor-widget-container\">\n\t\t\t\t\t<div class=\"elementor-text-editor elementor-clearfix\"><\/div>\n\t\t\t\t<\/div>\n\t\t\t\t<\/div>\n\t\t\t\t\t\t<\/div>\n\t\t\t<\/div>\n\t\t<\/div>\n\t\t\t\t\t\t<\/div>\n\t\t\t<\/div>\n\t\t<\/section>\n\t\t\t\t<section class=\"elementor-element elementor-element-ffee17e elementor-section-boxed elementor-section-height-default elementor-section-height-default elementor-section elementor-top-section\" data-id=\"ffee17e\" data-element_type=\"section\">\n\t\t\t\t\t\t<div class=\"elementor-container elementor-column-gap-default\">\n\t\t\t\t<div class=\"elementor-row\">\n\t\t\t\t<div class=\"elementor-element elementor-element-9241c27 elementor-column elementor-col-66 elementor-top-column\" data-id=\"9241c27\" data-element_type=\"column\">\n\t\t\t<div class=\"elementor-column-wrap  elementor-element-populated\">\n\t\t\t\t\t<div class=\"elementor-widget-wrap\">\n\t\t\t\t<div class=\"elementor-element elementor-element-bc1ad94 elementor-button-warning elementor-widget elementor-widget-button\" data-id=\"bc1ad94\" data-element_type=\"widget\" data-widget_type=\"button.default\">\n\t\t\t\t<div class=\"elementor-widget-container\">\n\t\t\t\t\t<div class=\"elementor-button-wrapper\">\n\t\t\t<a href=\"https:\/\/bewec.com\/?page_id=3\" class=\"elementor-button-link elementor-button elementor-size-sm\" role=\"button\">\n\t\t\t\t\t\t<span class=\"elementor-button-content-wrapper\">\n\t\t\t\t\t\t<span class=\"elementor-button-text\">politicas de privacidad <\/span>\n\t\t<\/span>\n\t\t\t\t\t<\/a>\n\t\t<\/div>\n\t\t\t\t<\/div>\n\t\t\t\t<\/div>\n\t\t\t\t<div class=\"elementor-element elementor-element-f29bc6b elementor-button-warning elementor-widget elementor-widget-button\" data-id=\"f29bc6b\" data-element_type=\"widget\" data-widget_type=\"button.default\">\n\t\t\t\t<div class=\"elementor-widget-container\">\n\t\t\t\t\t<div class=\"elementor-button-wrapper\">\n\t\t\t<a href=\"https:\/\/bewec.com\/?page_id=2340\" class=\"elementor-button-link elementor-button elementor-size-sm\" role=\"button\">\n\t\t\t\t\t\t<span class=\"elementor-button-content-wrapper\">\n\t\t\t\t\t\t<span class=\"elementor-button-text\">Terminos y condiciones de uso <\/span>\n\t\t<\/span>\n\t\t\t\t\t<\/a>\n\t\t<\/div>\n\t\t\t\t<\/div>\n\t\t\t\t<\/div>\n\t\t\t\t\t\t<\/div>\n\t\t\t<\/div>\n\t\t<\/div>\n\t\t\t\t<div class=\"elementor-element elementor-element-2977d08 elementor-column elementor-col-33 elementor-top-column\" data-id=\"2977d08\" data-element_type=\"column\">\n\t\t\t<div class=\"elementor-column-wrap  elementor-element-populated\">\n\t\t\t\t\t<div class=\"elementor-widget-wrap\">\n\t\t\t\t<div class=\"elementor-element elementor-element-ff8d9a3 elementor-widget elementor-widget-text-editor\" data-id=\"ff8d9a3\" data-element_type=\"widget\" data-widget_type=\"text-editor.default\">\n\t\t\t\t<div class=\"elementor-widget-container\">\n\t\t\t\t\t<div class=\"elementor-text-editor elementor-clearfix\"><p><strong>Devoluciones<\/strong> <strong>y garant\u00eda<br \/><\/strong><br \/>Cancelaciones<br \/>El cliente tiene el derecho de cancelar su compra en cualquier momento bajo las siguientes condiciones adicionales de las devoluciones y garant\u00eda.<br \/>-La cancelaci\u00f3n durante el tiempo de aceptaci\u00f3n y procesamiento no genera ning\u00fan cargo. <br \/>-Si la cancelaci\u00f3n se realiza despu\u00e9s del momento de la Impresi\u00f3n de guia de envi\u00f3, solamente se reembolsara el valor del producto sin el costo de envio. <br \/>-Si la cancelaci\u00f3n se realiza durante el envi\u00f3 y este se puede redireccionar a origen solamente se reembolsara el valor del producto sin el costo de env\u00edo.<br \/>Si la cancelaci\u00f3n se realiza despu\u00e9s que el tercero o compa\u00f1\u00eda de paqueter\u00eda entregue los art\u00edculos al comprador proceder\u00e1 con el termino de devoluci\u00f3n.<br \/><br \/>Nuestra pol\u00edtica dura 30 d\u00edas. Si han pasado 30 d\u00edas desde su compra, desafortunadamente no podemos ofrecerle un reembolso o cambio.\u00a0<br \/><br \/>Para ser elegible para una devoluci\u00f3n, su art\u00edculo debe estar sin usar y en las mismas condiciones en que lo recibi\u00f3. Tambi\u00e9n debe estar en el embalaje original.\u00a0<br \/><br \/><br \/>Para completar su devoluci\u00f3n, requerimos un recibo o comprobante de compra.\u00a0<br \/>No env\u00ede su compra de vuelta al fabricante.<br \/>No aceptamos la responsabilidad sobre:\u00a0<br \/>&#8211; Cualquier art\u00edculo que no est\u00e9 en su estado original, est\u00e1 da\u00f1ado o le faltan piezas por razones que no se deben a nuestro error\u00a0.<br \/>&#8211; Cualquier art\u00edculo devuelto despu\u00e9s de 30 d\u00edas entrega.<br \/><br \/>Garant\u00edas<br \/>Todo producto adquirido por este medio cuenta con un lapso de garant\u00eda de fabrica durante 30 d\u00edas, y\/o \u00a0(solo si aplica) garant\u00eda extendida \u00a0el tiempo indicado en la publicaci\u00f3n. \u00a0<br \/>Todo producto es revisado y probado (en art\u00edculos electr\u00f3nicos) antes de \u00a0ser enviado, por lo que ning\u00fan articulo ser\u00e1 validado por da\u00f1o mec\u00e1nico, el\u00e9ctrico o f\u00edsico derivado de un mal uso o instalaci\u00f3n. <br \/>No se acepta la devoluci\u00f3n de ning\u00fan producto usado. <br \/><br \/>Garant\u00eda de entrega.<br \/>Los servicios env\u00edos y entregas son por parte de terceros y compa\u00f1\u00edas de paqueter\u00eda, por lo que nos deslindamos de cualquier da\u00f1o que pueda recibir el o los art\u00edculos durante su envi\u00f3.<br \/>-Para compras mayores a $149 se debe considerar usar un servicio de paqueter\u00eda rastreable y asegurado. <br \/>-El cliente asume los costos de env\u00edo y es responsable de la selecci\u00f3n del tipo de envi\u00f3. <br \/><br \/>Clases de envi\u00f3:<br \/>-Economic Mexpost, cobertura en toda la Republica Mexicana, tiempo de entrega promedio 15 dias h\u00e1biles (el tiempo de entrega puede variar dependiendo las temporadas y situaci\u00f3n actual en el lugar del servicio), servicio no rastreable, sin cobertura de seguro. \u00a0<br \/><br \/>Standar, (brinda el servicio DHL, ESTAFETA Y FEDEX) cobertura en toda la Republica Mexicana, tiempo de entrega promedio 3-5 dias h\u00e1biles (el tiempo de entrega puede variar dependiendo las temporadas y situaci\u00f3n actual en el lugar del servicio), servicio rastreable; Cobertura que aplica con el tercero que realice \u00a0el servicio, hasta la suma de 20 UMAS o lo que estipulen los t\u00e9rminos y condiciones de uso de sus servicios. \u00a0<br \/><br \/>Big pack brinda el servicio DHL, ESTAFETA Y FEDEX) cobertura en toda la Republica Mexicana, tiempo de entrega promedio 1-3 dias h\u00e1biles (el tiempo de entrega puede variar dependiendo las temporadas y situaci\u00f3n actual en el lugar del servicio), servicio rastreable; Cobertura de envi\u00f3 con el tercero que realiza el servicio de acuerdo a sus t\u00e9rminos y condiciones de uso de sus servicios.<br \/><br \/><br \/><br \/><\/p><p><br \/><strong>Reembolsos (si corresponde)\u00a0<\/strong><br \/>Una vez que se reciba e inspeccione su devoluci\u00f3n, le enviaremos un correo electr\u00f3nico para notificarle que hemos recibido su art\u00edculo devuelto. Tambi\u00e9n le notificaremos la aprobaci\u00f3n o rechazo de su reembolso.\u00a0<br \/>Si es aprobado, su reembolso ser\u00e1 procesado y se aplicar\u00e1 autom\u00e1ticamente un cr\u00e9dito a su tarjeta de cr\u00e9dito o m\u00e9todo de pago original, dentro de los siguientes 15 dias h\u00e1biles.\u00a0<br \/><br \/><strong>Reembolsos tard\u00edos o faltantes (si corresponde)\u00a0<\/strong><br \/>Si a\u00fan no ha recibido un reembolso, primero verifique su cuenta bancaria nuevamente.\u00a0<br \/>Luego comun\u00edquese con la compa\u00f1\u00eda de su tarjeta de cr\u00e9dito, puede pasar alg\u00fan tiempo antes de que su reembolso se publique oficialmente.\u00a0<br \/>Luego contacte a su banco. A menudo hay alg\u00fan tiempo de procesamiento antes de que se publique un reembolso.\u00a0<br \/>Si ha hecho todo esto y a\u00fan no ha recibido su reembolso, cont\u00e1ctenos en workselitecars@gmail.com.\u00a0<br \/><br \/><br \/><strong>Intercambios (si corresponde)\u00a0<br \/><br \/><\/strong>Reemplazamos los art\u00edculos en caso de:<br \/>-no ser deseados<br \/>-no ser la medida correcta<br \/>-arrepentimiento o no ser lo que esperaba el cliente<br \/><br \/>Siempre que los art\u00edculos se encuentren en su estado original, completos, en caja o empaque correspondiente, sin uso manchas o marcas por manipulaci\u00f3n as\u00ed como permanecer dentro del plazo de 30 d\u00edas.\u00a0<br \/><br \/>Defectos<br \/>Solo reemplazamos los art\u00edculos con defectos de fabrica.<br \/>Mostrando la evidencia del defecto del producto al momento del arribo del mismo, en ning\u00fan momento se realizar\u00e1 intercambio por los art\u00edculos \u00a0en caso de contener falla mec\u00e1nica, el\u00e9ctrica y\/o fisica por una mala manipulaci\u00f3n del mismo. Al mismo tiempo cualquier da\u00f1o por mal manejo o manipulaci\u00f3n durante el env\u00edo, es responsabilidad de la empresa de paqueter\u00eda o tercero que brinde el servicio, por lo que deber\u00e1 reclamar en el momento de entrega a la empresa que brinde el servicio de entrega. <br \/><br \/>\u00a0Si necesita cambiarlo por el mismo art\u00edculo, env\u00edenos un correo electr\u00f3nico a workselitecars@gmail.com para contactarnos.\u00a0<br \/><br \/><br \/><br \/><strong>Env\u00edo\u00a0<\/strong><br \/>Para devolver su producto, debe enviarlo por correo a: av morelos 10, 56640 san gregorio cuautzingo, Estado de M\u00e9xico, Mexico.\u00a0<br \/><br \/>Usted ser\u00e1 responsable de pagar sus propios costos de env\u00edo para devolver su art\u00edculo. Los gastos de env\u00edo no son reembolsables. Si recibe un reembolso, el costo del env\u00edo de devoluci\u00f3n se deducir\u00e1 de su reembolso.\u00a0 (exceptuando error nuestro, al momento de seleccionar el articulo este sea incorrecto por nosotros, se podr\u00e1 devolver en las mismas condiciones de arribo, posteriormente se reintegrara el monto total de la compra despu\u00e9s de regresar el articulo). <br \/><br \/>Dependiendo de d\u00f3nde viva, el tiempo que le tome a su producto intercambiado llegar a usted puede variar.\u00a0<br \/><br \/>Si est\u00e1 enviando un art\u00edculo de m\u00e1s de $99, deber\u00eda considerar usar un servicio de env\u00edo rastreable o comprar un seguro de env\u00edo. No garantizamos que recibiremos su art\u00edculo devuelto.<br \/><br \/><br \/><\/p><p>\u00a0<\/p><p><strong>\u00bfCu\u00e1ndo ser\u00e1 procesado mi pedido?<\/strong><\/p><p>Todo pedido se procesan a partir de que se acredita el pago del mismo, Por favor. espere un tiempo adicional para que su pedido sea procesado durante las vacaciones y las temporadas de rebajas. Procesamos pedidos de lunes a viernes. Los pedidos se procesar\u00e1n dentro de las primeras 24 horas h\u00e1biles, contemplando solo d\u00edas h\u00e1biles a partir de la fecha del pedido y se enviar\u00e1n al d\u00eda siguiente despu\u00e9s del d\u00eda de procesamiento. Tenga en cuenta que no enviamos los fines de semana.\u00a0<\/p><\/div>\n\t\t\t\t<\/div>\n\t\t\t\t<\/div>\n\t\t\t\t\t\t<\/div>\n\t\t\t<\/div>\n\t\t<\/div>\n\t\t\t\t\t\t<\/div>\n\t\t\t<\/div>\n\t\t<\/section>\n\t\t\t\t\t\t<\/div>\n\t\t\t<\/div>\n\t\t<\/div>\n\t\t","protected":false},"excerpt":{"rendered":"<p>politicas de privacidad Terminos y condiciones de uso Devoluciones y garant\u00edaCancelacionesEl cliente tiene el derecho de cancelar su compra en&hellip;<\/p>\n","protected":false},"author":1,"featured_media":0,"parent":0,"menu_order":0,"comment_status":"closed","ping_status":"closed","template":"","meta":{"spay_email":""},"_links":{"self":[{"href":"https:\/\/bewec.com\/index.php?rest_route=\/wp\/v2\/pages\/2362"}],"collection":[{"href":"https:\/\/bewec.com\/index.php?rest_route=\/wp\/v2\/pages"}],"about":[{"href":"https:\/\/bewec.com\/index.php?rest_route=\/wp\/v2\/types\/page"}],"author":[{"embeddable":true,"href":"https:\/\/bewec.com\/index.php?rest_route=\/wp\/v2\/users\/1"}],"replies":[{"embeddable":true,"href":"https:\/\/bewec.com\/index.php?rest_route=%2Fwp%2Fv2%2Fcomments&post=2362"}],"version-history":[{"count":4,"href":"https:\/\/bewec.com\/index.php?rest_route=\/wp\/v2\/pages\/2362\/revisions"}],"predecessor-version":[{"id":2370,"href":"https:\/\/bewec.com\/index.php?rest_route=\/wp\/v2\/pages\/2362\/revisions\/2370"}],"wp:attachment":[{"href":"https:\/\/bewec.com\/index.php?rest_route=%2Fwp%2Fv2%2Fmedia&parent=2362"}],"curies":[{"name":"wp","href":"https:\/\/api.w.org\/{rel}","templated":true}]}}